 -5*o + 8*o - 2303, 3*s + 2295 = 3*o. Suppose 0 = -9*i - o + 3971. What are the prime factors of i?
2, 89
Suppose 2*o + 1683 = -d, -9*o - 5052 = 3*d - 4*o. List the prime factors of 0 + d/(-2)*(-44)/(-66).
563
Let v(i) = -2*i**2 + 24*i + 15. Let r be v(11). Let k(z) = -z**2 + 40*z + 142. What are the prime factors of k(r)?
11, 23
Let p = 2117 - 3138. Let z = p + 1821. List the prime factors of z.
2, 5
Suppose -u + 700 + 1812 = 4*z, 0 = -2*z + 5*u + 1256. Let w = z + -317. Let k = w + -163. List the prime factors of k.
2, 37
Let m(n) = 20*n**2 + 20*n + 526. List the prime factors of m(-29).
2, 83, 101
Suppose -257*f + 433125 = -180*f. What are the prime factors of f?
3, 5
Let o = -40835 - -58307. List the prime factors of o.
2, 3, 7, 13
Suppose -36*s - 82965 = -51*s. What are the prime factors of s?
5531
Let c(m) = -m**3 + 71*m**2 + 753*m + 53. List the prime factors of c(40).
3, 26591
Let u(v) = v**2 - 7*v + 3. Let j be u(7). Let t be 1/2 - -2*j/4. Suppose 5*z - 319 = -4*b + t*z, -2*b - z = -157. List the prime factors of b.
2, 19
Let s(f) = f**3 + 9*f**2 + 9*f + 12. Let y be s(-8). Suppose 224 = y*z - 6*z. Let g = z + 327. What are the prime factors of g?
5, 43
Suppose -5580 = -2*f - q, f - 69*q + 71*q - 2781 = 0. List the prime factors of f.
3, 7, 19
Let v = 45 + -69. Let r = v + 31. Suppose -c = 3*q - 599, -5*q + 992 = -5*c + r. What are the prime factors of q?
199
Let r be ((-8)/10)/(30/225). What are the prime factors of 4*15/(-40)*1784/r?
2, 223
What are the prime factors of (-179945)/(-29) - (3 + 9)?
11, 563
Suppose -83*f = -3*c - 84*f + 183063, 305103 = 5*c + 2*f. List the prime factors of c.
3, 20341
Let d = 80 + -77. Suppose 724 = 4*l + d*z - 2293, -4*z = -5*l + 3810. What are the prime factors of l?
2, 379
Suppose -8*k + 5*k + 120 = 0. Suppose 2*m - 6*m + k = 0. Suppose 0 = -m*x + 9*x + 43. What are the prime factors of x?
43
Let m(c) be the second derivative of 5*c**4/6 + 23*c**3/6 + 17*c**2/2 - 6*c - 1. Let a be m(-8). Suppose -a - 1887 = -10*g. What are the prime factors of g?
2, 59
Let w(o) be the second derivative of -o**3/3 + 6*o**2 - o. Suppose 17*f - 2*f + 150 = 0. List the prime factors of w(f).
2
Suppose 2*r - 15 = 3*l, 4*r - 15 = -0*r + 3*l. Suppose r = -31*z + 8451 + 34329. What are the prime factors of z?
2, 3, 5, 23
Let o = 747 - 1277. Let y = o + 1038. What are the prime factors of y?
2, 127
Let w(t) = t**2 + 12*t + 17. Let q be w(-11). Let n be 561/18 + q/(-36). Suppose -n = -3*f + 71. List the prime factors of f.
2, 17
Let q = 236 + -226. Suppose -2780 = -q*k + 4930. List the prime factors of k.
3, 257
Suppose -9354 = -4*s + 3*p, -31*s + 30*s - 2*p + 2344 = 0. What are the prime factors of s?
2, 3, 5, 13
Let w be ((-567)/(-2) - 1)*(-2784)/(-1160). Suppose -w = -10*a + 7*a. List the prime factors of a.
2, 113
Let v = -5152 + 2834. Let h = v + 3401. List the prime factors of h.
3, 19
Let g = 44042 - 19338. List the prime factors of g.
2, 193
Let i(u) = -2*u**2 + 105. Let y be i(0). Let t = y - -200. List the prime factors of t.
5, 61
Let l(z) = z**3 - 56*z**2 + 166*z + 63. List the prime factors of l(55).
2, 3, 257
Let k be (-4)/(-30) - (-175624)/870. Let u = 519 + k. List the prime factors of u.
7, 103
Let j(n) = -6*n + 48. Let b be j(10). Let m(x) be the second derivative of x**4/12 + x**3/3 - 27*x**2/2 - 6*x. What are the prime factors of m(b)?
3, 31
Let c(l) = l**3 - 7*l**2 + 12*l - 14. Let y = 55 + -44. Let a be 11/(y/(-6))*8/(-6). What are the prime factors of c(a)?
2, 73
Suppose 85*o - 77*o - 40 = 0. What are the prime factors of (21 + 156)*(0 + o)?
3, 5, 59
Let i(t) = -t - 5. Suppose -3*n = 5*p - 2*p + 12, -21 = 4*n + 3*p. Let v be i(n). List the prime factors of 29 - (20/v - 10).
2, 17
Let v = -10179 - -20442. Suppose -5*w = -v + 2998. List the prime factors of w.
1453
Suppose 64 = 2*p - 6*p. Let m(y) be the second derivative of -3*y**3/2 + 17*y**2/2 - 378*y - 1. What are the prime factors of m(p)?
7, 23
Suppose -2*z + 476 = -5*l - 815, 3*l = -6*z + 3891. List the prime factors of z.
2, 3
Let q(a) = -6*a**3 - a**2 - 11*a - 22. Let x be q(-4). Suppose 4*y = 2*y + x. Suppose 10*k = -y + 615. List the prime factors of k.
2, 3, 7
Let f be 4/(-6)*(-12)/32*-4. Let j be -1 - 5*(7 - -3 - f). List the prime factors of (-16)/j - 1004/(-14).
2, 3
Let y = -389 + -21. Let k = -220 - y. List the prime factors of k.
2, 5, 19
Let f = 83292 - 14958. What are the prime factors of f?
2, 3, 7, 1627
What are the prime factors of 171/(-18) + 14 + -4 - 67743/(-2)?
2, 29, 73
Let m(s) = -s. Let j(l) = -248*l**2 + l - 3. Let y(z) = -j(z) - 3*m(z). What are the prime factors of y(2)?
3, 37
Let z(n) = 97*n - 169. Suppose 0 = -938*t + 931*t + 35. What are the prime factors of z(t)?
2, 79
Let u = -45482 + 67577. List the prime factors of u.
3, 5, 491
Let h be (-16 + -3)*-31 - 5. Suppose -4*s + 761 = 3*b + 167, -4*s + h = -2*b. Suppose -c = 3*u - s, 0 = 3*c + 4*u - u - 441. What are the prime factors of c?
3, 7
Suppose 16*i + 80 = 36*i. Suppose -5*g = -i*y + 3733, -3*y = 2*g + g - 2766. List the prime factors of y.
3, 103
Let u(b) = -206*b + 1091. List the prime factors of u(-21).
5417
Let c = 244 - 276. Suppose -2*x + 3 + 9 = 0. List the prime factors of x/4*c/(-3).
2
List the prime factors of (-1)/2*-45691 + (3420/(-72))/(-95).
2, 11423
Let l = 996 - -7893. List the prime factors of l.
3, 2963
Let n(z) = -585*z - 1803. What are the prime factors of n(-23)?
2, 3, 971
Let r = 17934 + -11250. What are the prime factors of r?
2, 3, 557
Let x = -2209 + 2201. Let s(h) = -h**3 - 9*h**2 + 4*h + 15. Let m(q) = q**2 - 1. Let d(g) = 3*m(g) + s(g). List the prime factors of d(x).
2, 3
Suppose 0 = -6*b + 334 - 10. What are the prime factors of ((-2103)/(-18))/(9/b)?
701
Suppose 0 = 122*i + 857832 - 3787174. What are the prime factors of i?
13, 1847
Let r be (0 + 2/2)*4425/5. List the prime factors of r*((-6)/3)/(-2).
3, 5, 59
Suppose -4*a + 10 - 38 = -5*z, 5*z - 52 = -4*a. Let j = 1 + -7. What are the prime factors of (0 - 57/j)*z?
2, 19
Suppose -4*m + 36 = 0, 29*f - 32*f + 96945 = -2*m. List the prime factors of f.
32321
Suppose -8*j - 11 = -75. Let f be 1*j/(-44) - 3695/(-55). Suppose -m = -f - 151. List the prime factors of m.
2, 109
Suppose -7*j + 2628 = -1222. Let u = j - 274. List the prime factors of u.
2, 3, 23
Suppose 5*k = 4*a + 51970, -5*a - 94221 = -10*k + 9734. List the prime factors of k.
2, 3, 1733
Let z(j) = -2*j**2 + 11*j + 19. Let g be z(7). Let k(l) = -33*l**3 - 2*l**2 + 2*l. List the prime factors of k(g).
2, 3, 7
Suppose 4*r = 2*r + 3*p + 74, -4*p = -3*r + 112. Suppose 6*g = 8*g - r. Let i = -15 + g. What are the prime factors of i?
5
Suppose -19*b - 48 = -23*b. List the prime factors of (-8)/(-12)*(-18)/b*-523.
523
Suppose 397*g - 400*g + 145280 = -2*b, 5*g + 3*b = 242108. What are the prime factors of g?
2, 6053
Suppose -13*o + 55641 = -9*o - 5*u, 0 = 6*u - 18. List the prime factors of o.
2, 3, 773
Let m be (-531)/236*32/3. What are the prime factors of (-132)/(-11)*(-3104)/m?
2, 97
Suppose 0 = 1347*l - 1348*l - 5*s + 22639, -5*l - 2*s = -113126. What are the prime factors of l?
2, 7, 101
Let i be 1/(6/9) + 1/(-2). Let m be (i - 2*-197) + -3. Suppose -7*t + 392 = -m. What are the prime factors of t?
2, 7
Let h(q) = -1778*q + 2329. List the prime factors of h(-4).
3, 1049
Let b = 6772 - -33861. List the prime factors of b.
179, 227
Let o(k) = -1901*k - 49. What are the prime factors of o(-2)?
3, 139
List the prime factors of ((-358)/1074)/((-1)/20058).
2, 3343
Let k(x) be the third derivative of x**5/60 - 13*x**4/24 - 13*x**3/2 - 13*x**2. Let z be k(16). Suppose -t = -2*t + z. List the prime factors of t.
3
Let h(p) be the third derivative of -5*p**2 + 1/60*p**5 - 10/3*p**3 + 0*p - 1/4*p**4 + 0. List the prime factors of h(-6).
2, 13
Let u = 75 + -93. Let g = u - 122. Let s = g - -288. What are the prime factors of s?
2, 37
Let i(y) = 22770*y - 2698. What are the prime factors of i(2)?
2, 31, 691
Suppose -23 - 109 = -2*i. Suppose -6*j + i = 5*j. Suppose -3*c + 4*o - 54 = -j*c, 0 = -5*c + 3*o + 90. List the prime factors of c.
2, 3
Suppose -4*l + 4*s = -8032, 4*l = 3*l - s + 1998. What are the prime factors of l?
2003
Suppose 4*u + 2*u = 30. Suppose u*b - 5 = 15. List the prime factors of (-1 - 3)*((-37)/b + 0).
37
Let x be